{"id":2092,"date":"2026-03-10T13:14:48","date_gmt":"2026-03-10T16:14:48","guid":{"rendered":"https:\/\/www.liturgiadominical.criarsite.online\/?page_id=2092"},"modified":"2026-05-01T11:25:49","modified_gmt":"2026-05-01T14:25:49","slug":"sabado","status":"publish","type":"page","link":"https:\/\/www.liturgiadominical.criarsite.online\/?page_id=2092","title":{"rendered":"S\u00e1bado"},"content":{"rendered":"\n<p><strong>Cor Lit\u00fargica: Branco<\/strong><strong><\/strong><\/p>\n\n\n\n<h3 class=\"wp-block-heading\">Santo Atan\u00e1sio, bispo e doutor da Igreja | Mem\u00f3ria | S\u00e1bado<\/h3>\n\n\n\n<p class=\"has-very-light-gray-to-cyan-bluish-gray-gradient-background has-background has-medium-font-size\"><strong>1\u00aa&nbsp; Leitura<\/strong><strong><\/strong><\/p>\n\n\n\n<p><strong>Primeira Leitura (At 13,44-52)<\/strong><strong><\/strong><\/p>\n\n\n\n<p><strong>Leitura dos Atos dos Ap\u00f3stolos.<\/strong><\/p>\n\n\n\n<p><strong>44<\/strong><strong>&nbsp;No s\u00e1bado seguinte, quase toda a cidade se reuniu para ouvir a palavra de Deus.&nbsp;<\/strong><strong>45<\/strong><strong>&nbsp;Ao verem aquela multid\u00e3o, os judeus ficaram cheios de inveja e, com blasf\u00eamias, opunham-se ao que Paulo dizia.&nbsp;<\/strong><strong>46<\/strong><strong>&nbsp;Ent\u00e3o, com muita coragem, Paulo e Barnab\u00e9 declararam: &#8220;Era preciso anunciar a palavra de Deus primeiro a v\u00f3s. Mas, como a rejeitais e vos considerais indignos da vida eterna, sabei que nos vamos dirigir aos pag\u00e3os.&nbsp;<\/strong><strong>47<\/strong><strong>&nbsp;Porque esta \u00e9 a ordem que o Senhor nos deu: &#8216;Eu te coloquei como luz para as na\u00e7\u00f5es, para que leves a salva\u00e7\u00e3o at\u00e9 os confins da terra'&#8221;.&nbsp;<\/strong><strong>48<\/strong><strong>&nbsp;Os pag\u00e3os ficaram muito contentes, quando ouviram isso, e glorificavam a palavra do Senhor. Todos os que eram destinados \u00e0 vida eterna, abra\u00e7aram a f\u00e9.&nbsp;<\/strong><strong>49<\/strong><strong>&nbsp;Desse modo, a palavra do Senhor espalhava-se por toda a regi\u00e3o.&nbsp;<\/strong><strong>50<\/strong><strong>&nbsp;Mas os judeus instigaram as mulheres ricas e religiosas, assim como os homens influentes da cidade, provocaram uma persegui\u00e7\u00e3o contra Paulo e Barnab\u00e9 e expulsaram-nos do seu territ\u00f3rio.&nbsp;<\/strong><strong>51<\/strong><strong>&nbsp;Ent\u00e3o os ap\u00f3stolos sacudiram contra eles a poeira dos p\u00e9s, e foram para a cidade de Ic\u00f4nio.&nbsp;<\/strong><strong>52<\/strong><strong>&nbsp;Os disc\u00edpulos, por\u00e9m ficaram cheios de alegria e do Esp\u00edrito Santo.<\/strong><\/p>\n\n\n\n<p><strong>&#8211; Palavra do Senhor.<\/strong><\/p>\n\n\n\n<p><strong>&#8211; Gra\u00e7as a Deus.<\/strong><\/p>\n\n\n\n<p class=\"has-very-light-gray-to-cyan-bluish-gray-gradient-background has-background has-medium-font-size\"><strong>Salmo<\/strong><\/p>\n\n\n\n<p><strong>Respons\u00f3rio&nbsp;Sl 97(98),1.2-3ab.3cd-4 (R. 3cd)<\/strong><strong><\/strong><\/p>\n\n\n\n<p><strong>&#8211; Os confins do universo contemplaram a salva\u00e7\u00e3o do nosso Deus.<\/strong><\/p>\n\n\n\n<p><strong>&#8211; Os confins do universo contemplaram a salva\u00e7\u00e3o do nosso Deus.<\/strong><strong><\/strong><\/p>\n\n\n\n<p><strong>&#8211; Cantai ao Senhor Deus um canto novo, porque ele fez prod\u00edgios! Sua m\u00e3o e o seu bra\u00e7o forte e santo alcan\u00e7aram-lhe a vit\u00f3ria.&nbsp;<\/strong><\/p>\n\n\n\n<p><strong>&#8211; O Senhor fez conhecer a salva\u00e7\u00e3o, e \u00e0s na\u00e7\u00f5es, sua justi\u00e7a; recordou o seu amor sempre fiel pela casa de Israel&nbsp;<\/strong><\/p>\n\n\n\n<p><strong>&#8211; Os confins do universo contemplaram a salva\u00e7\u00e3o do nosso Deus. Aclamai o Senhor Deus, \u00f3 terra inteira, alegrai-vos e exultai!&nbsp;<\/strong><\/p>\n\n\n\n<p class=\"has-very-light-gray-to-cyan-bluish-gray-gradient-background has-background has-medium-font-size\"><strong>Evangelho<\/strong><\/p>\n\n\n\n<p><strong>Evangelho (Jo 14,7-14)<\/strong><strong><\/strong><\/p>\n\n\n\n<p><strong>&#8211; Aleluia, Aleluia, Aleluia.<\/strong><\/p>\n\n\n\n<p><strong>&#8211; Se guardais minha palavra, diz Jesus, realmente v\u00f3s sereis os meus disc\u00edpulos.<\/strong><\/p>\n\n\n\n<p><strong>Proclama\u00e7\u00e3o do Evangelho de Jesus Cristo segundo Jo\u00e3o.<\/strong><\/p>\n\n\n\n<p><strong>-Gl\u00f3ria a v\u00f3s, Senhor.<\/strong><strong><\/strong><\/p>\n\n\n\n<p><strong>Naquele tempo, disse Jesus a seus disc\u00edpulos:&nbsp;<\/strong><strong>7<\/strong><strong>&nbsp;&#8220;Se v\u00f3s me conhec\u00easseis, conhecer\u00edeis tamb\u00e9m o meu Pai. E desde agora o conheceis e o vistes&#8221;.&nbsp;<\/strong><strong>8<\/strong><strong>&nbsp;Disse Filipe: &#8220;Senhor, mostra-nos o Pai, isso nos basta!&#8221;&nbsp;<\/strong><strong>9<\/strong><strong>&nbsp;Jesus respondeu: &#8220;H\u00e1 tanto tempo estou convosco, e n\u00e3o me conheces, Filipe? Quem me viu, viu o Pai. Como \u00e9 que tu dizes: &#8216;Mostra-nos o Pai&#8217;?&nbsp;<\/strong><strong>10<\/strong><strong>&nbsp;N\u00e3o acreditas que eu estou no Pai e o Pai est\u00e1 em mim? As palavras que eu vos digo, n\u00e3o as digo por mim mesmo, mas \u00e9 o Pai que, permanecendo em mim, realiza as suas obras.&nbsp;<\/strong><strong>11<\/strong><strong>&nbsp;Acreditai-me: eu estou no Pai e o Pai est\u00e1 em mim. Acreditai, ao menos, por causa destas mesmas obras.&nbsp;<\/strong><strong>12<\/strong><strong>&nbsp;Em verdade, em verdade vos digo, quem acredita em mim far\u00e1 as obras que eu fa\u00e7o, e far\u00e1 ainda maiores do que estas. Pois eu vou para o Pai,&nbsp;<\/strong><strong>13<\/strong><strong>&nbsp;e o que pedirdes em meu nome, eu o realizarei, a fim de que o Pai seja glorificado no Filho.&nbsp;<\/strong><strong>14<\/strong><strong>&nbsp;Se pedirdes algo em meu nome, eu o realizarei&#8221;.<\/strong><\/p>\n\n\n\n<p><strong>\u2014 Palavra da Salva\u00e7\u00e3o.<\/strong><\/p>\n\n\n\n<p><strong>\u2014 Gl\u00f3ria a v\u00f3s, Senhor.<\/strong><\/p>\n","protected":false},"excerpt":{"rendered":"<p>Cor Lit\u00fargica: Branco Santo Atan\u00e1sio, bispo e doutor da Igreja | Mem\u00f3ria | S\u00e1bado 1\u00aa&nbsp; Leitura Primeira Leitura (At 13,44-52) Leitura dos Atos dos Ap\u00f3stolos. 44&nbsp;No s\u00e1bado seguinte, quase toda a cidade se reuniu para ouvir a palavra de Deus.&nbsp;45&nbsp;Ao verem aquela multid\u00e3o, os judeus ficaram cheios de inveja e, com blasf\u00eamias, opunham-se ao que [&hellip;]<\/p>\n","protected":false},"author":1,"featured_media":0,"parent":0,"menu_order":0,"comment_status":"closed","ping_status":"closed","template":"","meta":{"_eb_attr":"","_uag_custom_page_level_css":"","site-sidebar-layout":"default","site-content-layout":"","ast-site-content-layout":"default","site-content-style":"default","site-sidebar-style":"default","ast-global-header-display":"","ast-banner-title-visibility":"","ast-main-header-display":"","ast-hfb-above-header-display":"","ast-hfb-below-header-display":"","ast-hfb-mobile-header-display":"","site-post-title":"","ast-breadcrumbs-content":"","ast-featured-img":"","footer-sml-layout":"","ast-disable-related-posts":"","theme-transparent-header-meta":"","adv-header-id-meta":"","stick-header-meta":"","header-above-stick-meta":"","header-main-stick-meta":"","header-below-stick-meta":"","astra-migrate-meta-layouts":"set","ast-page-background-enabled":"default","ast-page-background-meta":{"desktop":{"background-color":"var(--ast-global-color-5)","background-image":"","background-repeat":"repeat","background-position":"center center","background-size":"auto","background-attachment":"scroll","background-type":"","background-media":"","overlay-type":"","overlay-color":"","overlay-opacity":"","overlay-gradient":""},"tablet":{"background-color":"","background-image":"","background-repeat":"repeat","background-position":"center center","background-size":"auto","background-attachment":"scroll","background-type":"","background-media":"","overlay-type":"","overlay-color":"","overlay-opacity":"","overlay-gradient":""},"mobile":{"background-color":"","background-image":"","background-repeat":"repeat","background-position":"center center","background-size":"auto","background-attachment":"scroll","background-type":"","background-media":"","overlay-type":"","overlay-color":"","overlay-opacity":"","overlay-gradient":""}},"ast-content-background-meta":{"desktop":{"background-color":"var(--ast-global-color-4)","background-image":"","background-repeat":"repeat","background-position":"center center","background-size":"auto","background-attachment":"scroll","background-type":"","background-media":"","overlay-type":"","overlay-color":"","overlay-opacity":"","overlay-gradient":""},"tablet":{"background-color":"var(--ast-global-color-4)","background-image":"","background-repeat":"repeat","background-position":"center center","background-size":"auto","background-attachment":"scroll","background-type":"","background-media":"","overlay-type":"","overlay-color":"","overlay-opacity":"","overlay-gradient":""},"mobile":{"background-color":"var(--ast-global-color-4)","background-image":"","background-repeat":"repeat","background-position":"center center","background-size":"auto","background-attachment":"scroll","background-type":"","background-media":"","overlay-type":"","overlay-color":"","overlay-opacity":"","overlay-gradient":""}},"footnotes":""},"class_list":["post-2092","page","type-page","status-publish","hentry"],"featured_image_src":null,"uagb_featured_image_src":{"full":false,"thumbnail":false,"medium":false,"medium_large":false,"large":false,"1536x1536":false,"2048x2048":false},"uagb_author_info":{"display_name":"Carvalho","author_link":"https:\/\/www.liturgiadominical.criarsite.online\/?author=1"},"uagb_comment_info":0,"uagb_excerpt":"Cor Lit\u00fargica: Branco Santo Atan\u00e1sio, bispo e doutor da Igreja | Mem\u00f3ria | S\u00e1bado 1\u00aa&nbsp; Leitura Primeira Leitura (At 13,44-52) Leitura dos Atos dos Ap\u00f3stolos. 44&nbsp;No s\u00e1bado seguinte, quase toda a cidade se reuniu para ouvir a palavra de Deus.&nbsp;45&nbsp;Ao verem aquela multid\u00e3o, os judeus ficaram cheios de inveja e, com blasf\u00eamias, opunham-se ao que&hellip;","_links":{"self":[{"href":"https:\/\/www.liturgiadominical.criarsite.online\/index.php?rest_route=\/wp\/v2\/pages\/2092","targetHints":{"allow":["GET"]}}],"collection":[{"href":"https:\/\/www.liturgiadominical.criarsite.online\/index.php?rest_route=\/wp\/v2\/pages"}],"about":[{"href":"https:\/\/www.liturgiadominical.criarsite.online\/index.php?rest_route=\/wp\/v2\/types\/page"}],"author":[{"embeddable":true,"href":"https:\/\/www.liturgiadominical.criarsite.online\/index.php?rest_route=\/wp\/v2\/users\/1"}],"replies":[{"embeddable":true,"href":"https:\/\/www.liturgiadominical.criarsite.online\/index.php?rest_route=%2Fwp%2Fv2%2Fcomments&post=2092"}],"version-history":[{"count":10,"href":"https:\/\/www.liturgiadominical.criarsite.online\/index.php?rest_route=\/wp\/v2\/pages\/2092\/revisions"}],"predecessor-version":[{"id":2876,"href":"https:\/\/www.liturgiadominical.criarsite.online\/index.php?rest_route=\/wp\/v2\/pages\/2092\/revisions\/2876"}],"wp:attachment":[{"href":"https:\/\/www.liturgiadominical.criarsite.online\/index.php?rest_route=%2Fwp%2Fv2%2Fmedia&parent=2092"}],"curies":[{"name":"wp","href":"https:\/\/api.w.org\/{rel}","templated":true}]}}