{"id":2081,"date":"2026-03-10T13:09:00","date_gmt":"2026-03-10T16:09:00","guid":{"rendered":"https:\/\/www.liturgiadominical.criarsite.online\/?page_id=2081"},"modified":"2026-05-03T13:25:25","modified_gmt":"2026-05-03T16:25:25","slug":"segunda-feira","status":"publish","type":"page","link":"https:\/\/www.liturgiadominical.criarsite.online\/?page_id=2081","title":{"rendered":"Segunda-feira"},"content":{"rendered":"\n<p><strong>Cor Lit\u00fargica: Branco<\/strong><strong><\/strong><\/p>\n\n\n\n<h3 class=\"wp-block-heading\">5\u00aa Semana da P\u00e1scoa | Segunda-feira<\/h3>\n\n\n\n<p class=\"has-very-light-gray-to-cyan-bluish-gray-gradient-background has-background has-medium-font-size\"><strong>1\u00aa&nbsp; Leitura<\/strong><strong><\/strong><\/p>\n\n\n\n<p><strong>Primeira Leitura (At 14,5-18)<\/strong><strong><\/strong><\/p>\n\n\n\n<p><strong>Leitura dos Atos dos Ap\u00f3stolos.<\/strong><\/p>\n\n\n\n<p><strong>Naqueles dias, em Ic\u00f4nio,&nbsp;<\/strong><strong>5<\/strong><strong>&nbsp;Pag\u00e3os e judeus, tendo \u00e0 frente seus chefes, estavam dispostos a ultrajar e apedrejar Paulo e Barnab\u00e9.&nbsp;<\/strong><strong>6<\/strong><strong>&nbsp;Ao saberem disso, Paulo e Barnab\u00e9 fugiram e foram para Listra e Derbe, cidades da Lica\u00f4nia, e seus arredores.&nbsp;<\/strong><strong>7<\/strong><strong>&nbsp;A\u00ed come\u00e7aram a anunciar o Evangelho.&nbsp;<\/strong><strong>8<\/strong><strong>&nbsp;Em Listra, havia um homem paral\u00edtico das pernas, que era coxo de nascen\u00e7a e nunca fora capaz de andar.&nbsp;<\/strong><strong>9<\/strong><strong>&nbsp;Ele escutava o discurso de Paulo. E este, fixando nele o olhar e notando que tinha f\u00e9 para ser curado,&nbsp;<\/strong><strong>10<\/strong><strong>&nbsp;disse em alta voz: &#8220;Levanta-te direito sobre os teus p\u00e9s&#8221;. O homem deu um salto e come\u00e7ou a caminhar.&nbsp;<\/strong><strong>11<\/strong><strong>&nbsp;Vendo o que Paulo acabara de fazer, a multid\u00e3o exclamou em dialeto lica\u00f4nico: &#8220;Os deuses desceram entre n\u00f3s em forma de gente!&#8221;&nbsp;<\/strong><strong>12<\/strong><strong>&nbsp;Chamavam a Barnab\u00e9 J\u00fapiter e a Paulo Merc\u00fario, porque era Paulo quem falava.&nbsp;<\/strong><strong>13<\/strong><strong>&nbsp;Os sacerdotes de J\u00fapiter, cujo templo ficava defronte \u00e0 cidade, levaram \u00e0 porta touros ornados de grinaldas e queriam, com a multid\u00e3o, oferecer sacrif\u00edcios.&nbsp;<\/strong><strong>14<\/strong><strong>&nbsp;Ao saberem disso, os ap\u00f3stolos Barnab\u00e9 e Paulo rasgaram as vestes e foram para o meio da multid\u00e3o, gritando:&nbsp;<\/strong><strong>15<\/strong><strong>&nbsp;&#8220;Homens, o que estais fazendo? N\u00f3s tamb\u00e9m somos homens mortais como v\u00f3s, e vos estamos anunciando que precisais deixar esses \u00eddolos in\u00fateis para vos converterdes ao Deus vivo, que fez o c\u00e9u, a terra, o mar e tudo o que neles existe.&nbsp;<\/strong><strong>16<\/strong><strong>&nbsp;Nas gera\u00e7\u00f5es passadas, Deus permitiu que todas as na\u00e7\u00f5es seguissem o pr\u00f3prio caminho.&nbsp;<\/strong><strong>17<\/strong><strong>&nbsp;No entanto, ele n\u00e3o deixou de dar testemunho de si mesmo atrav\u00e9s de seus benef\u00edcios, mandando do c\u00e9u chuvas e colheitas, dando alimento e alegrando vossos cora\u00e7\u00f5es&#8221;.&nbsp;<\/strong><strong>18<\/strong><strong>&nbsp;E assim falando, com muito custo, conseguiram que a multid\u00e3o desistisse de lhes oferecer um sacrif\u00edcio.<\/strong><\/p>\n\n\n\n<p><strong>&#8211; Palavra do Senhor.<\/strong><\/p>\n\n\n\n<p><strong>&#8211; Gra\u00e7as a Deus.<\/strong><\/p>\n\n\n\n<p class=\"has-very-light-gray-to-cyan-bluish-gray-gradient-background has-background has-medium-font-size\"><strong>Salmo<\/strong><\/p>\n\n\n\n<p><strong>Respons\u00f3rio&nbsp;Sl 113B(115),1-2.3-4.15-16 (R. 1)<\/strong><strong><\/strong><\/p>\n\n\n\n<p><strong>&#8211; N\u00e3o a n\u00f3s, \u00f3 Senhor, n\u00e3o a n\u00f3s, ao vosso nome, por\u00e9m, seja a gl\u00f3ria.<\/strong><\/p>\n\n\n\n<p><strong>&#8211; N\u00e3o a n\u00f3s, \u00f3 Senhor, n\u00e3o a n\u00f3s, ao vosso nome, por\u00e9m, seja a gl\u00f3ria.<\/strong><strong><\/strong><\/p>\n\n\n\n<p><strong>&#8211; N\u00e3o a n\u00f3s, \u00f3 Senhor, n\u00e3o a n\u00f3s, ao vosso nome, por\u00e9m, seja a gl\u00f3ria, porque sois todo amor e verdade! Por que h\u00e3o de dizer os pag\u00e3os: &#8220;Onde est\u00e1 o seu Deus, onde est\u00e1?&#8221;&nbsp;<\/strong><\/p>\n\n\n\n<p><strong>&#8211; \u00c9 nos c\u00e9us que est\u00e1 o nosso Deus, ele faz tudo aquilo que quer. S\u00e3o os deuses pag\u00e3os ouro e prata, todos eles s\u00e3o obras humanas.&nbsp;<\/strong><\/p>\n\n\n\n<p><strong>&#8211; Aben\u00e7oados sejais do Senhor, do Senhor que criou c\u00e9u e terra! Os c\u00e9us s\u00e3o os c\u00e9us do Senhor, mas a terra ele deu para os homens.&nbsp;<\/strong><\/p>\n\n\n\n<p class=\"has-very-light-gray-to-cyan-bluish-gray-gradient-background has-background has-medium-font-size\"><strong>Evangelho<\/strong><\/p>\n\n\n\n<p><strong>Evangelho (Jo 14,21-26)<\/strong><strong><\/strong><\/p>\n\n\n\n<p><strong>&#8211; Aleluia, Aleluia, Aleluia.<\/strong><\/p>\n\n\n\n<p><strong>&#8211; O Esp\u00edrito Santo, o Par\u00e1clito, haver\u00e1 de lembrar-vos de tudo o que tenho falado, aleluia.<\/strong><\/p>\n\n\n\n<p><strong>Proclama\u00e7\u00e3o do Evangelho de Jesus Cristo segundo Jo\u00e3o.<\/strong><\/p>\n\n\n\n<p><strong>-Gl\u00f3ria a v\u00f3s, Senhor.<\/strong><strong><\/strong><\/p>\n\n\n\n<p><strong>Naquele tempo, disse Jesus a seus disc\u00edpulos:&nbsp;<\/strong><strong>21<\/strong><strong>&nbsp;&#8220;Quem acolheu os meus mandamentos e os observa, esse me ama. Ora, quem me ama, ser\u00e1 amado por meu Pai, e eu o amarei e me manifestarei a ele&#8221;.&nbsp;<\/strong><strong>22<\/strong><strong>&nbsp;Judas &#8211; n\u00e3o o Iscariotes &#8211; disse-lhe: &#8220;Senhor, como se explica que te manifestar\u00e1s a n\u00f3s e n\u00e3o ao mundo?&#8221;&nbsp;<\/strong><strong>23<\/strong><strong>&nbsp;Jesus respondeu-lhe: &#8220;Se algu\u00e9m me ama, guardar\u00e1 a minha palavra, e o meu Pai o amar\u00e1, e n\u00f3s viremos e faremos nele a nossa morada.&nbsp;<\/strong><strong>24<\/strong><strong>&nbsp;Quem n\u00e3o me ama, n\u00e3o guarda a minha palavra. E a palavra que escutais n\u00e3o \u00e9 minha, mas do Pai que me enviou.&nbsp;<\/strong><strong>25<\/strong><strong>&nbsp;Isso \u00e9 o que vos disse enquanto estava convosco.&nbsp;<\/strong><strong>26<\/strong><strong>&nbsp;Mas o Defensor, o Esp\u00edrito Santo, que o Pai enviar\u00e1 em meu nome, ele vos ensinar\u00e1 tudo e vos recordar\u00e1 tudo o que eu vos tenho dito.<\/strong><\/p>\n\n\n\n<p><strong>\u2014 Palavra da Salva\u00e7\u00e3o.<\/strong><\/p>\n\n\n\n<p><strong>\u2014 Gl\u00f3ria a v\u00f3s, Senhor.<\/strong><\/p>\n","protected":false},"excerpt":{"rendered":"<p>Cor Lit\u00fargica: Branco 5\u00aa Semana da P\u00e1scoa | Segunda-feira 1\u00aa&nbsp; Leitura Primeira Leitura (At 14,5-18) Leitura dos Atos dos Ap\u00f3stolos. Naqueles dias, em Ic\u00f4nio,&nbsp;5&nbsp;Pag\u00e3os e judeus, tendo \u00e0 frente seus chefes, estavam dispostos a ultrajar e apedrejar Paulo e Barnab\u00e9.&nbsp;6&nbsp;Ao saberem disso, Paulo e Barnab\u00e9 fugiram e foram para Listra e Derbe, cidades da Lica\u00f4nia, [&hellip;]<\/p>\n","protected":false},"author":1,"featured_media":0,"parent":0,"menu_order":0,"comment_status":"closed","ping_status":"closed","template":"","meta":{"_eb_attr":"","_uag_custom_page_level_css":"","site-sidebar-layout":"default","site-content-layout":"","ast-site-content-layout":"default","site-content-style":"default","site-sidebar-style":"default","ast-global-header-display":"","ast-banner-title-visibility":"","ast-main-header-display":"","ast-hfb-above-header-display":"","ast-hfb-below-header-display":"","ast-hfb-mobile-header-display":"","site-post-title":"","ast-breadcrumbs-content":"","ast-featured-img":"","footer-sml-layout":"","ast-disable-related-posts":"","theme-transparent-header-meta":"","adv-header-id-meta":"","stick-header-meta":"","header-above-stick-meta":"","header-main-stick-meta":"","header-below-stick-meta":"","astra-migrate-meta-layouts":"set","ast-page-background-enabled":"default","ast-page-background-meta":{"desktop":{"background-color":"var(--ast-global-color-5)","background-image":"","background-repeat":"repeat","background-position":"center center","background-size":"auto","background-attachment":"scroll","background-type":"","background-media":"","overlay-type":"","overlay-color":"","overlay-opacity":"","overlay-gradient":""},"tablet":{"background-color":"","background-image":"","background-repeat":"repeat","background-position":"center center","background-size":"auto","background-attachment":"scroll","background-type":"","background-media":"","overlay-type":"","overlay-color":"","overlay-opacity":"","overlay-gradient":""},"mobile":{"background-color":"","background-image":"","background-repeat":"repeat","background-position":"center center","background-size":"auto","background-attachment":"scroll","background-type":"","background-media":"","overlay-type":"","overlay-color":"","overlay-opacity":"","overlay-gradient":""}},"ast-content-background-meta":{"desktop":{"background-color":"var(--ast-global-color-4)","background-image":"","background-repeat":"repeat","background-position":"center center","background-size":"auto","background-attachment":"scroll","background-type":"","background-media":"","overlay-type":"","overlay-color":"","overlay-opacity":"","overlay-gradient":""},"tablet":{"background-color":"var(--ast-global-color-4)","background-image":"","background-repeat":"repeat","background-position":"center center","background-size":"auto","background-attachment":"scroll","background-type":"","background-media":"","overlay-type":"","overlay-color":"","overlay-opacity":"","overlay-gradient":""},"mobile":{"background-color":"var(--ast-global-color-4)","background-image":"","background-repeat":"repeat","background-position":"center center","background-size":"auto","background-attachment":"scroll","background-type":"","background-media":"","overlay-type":"","overlay-color":"","overlay-opacity":"","overlay-gradient":""}},"footnotes":""},"class_list":["post-2081","page","type-page","status-publish","hentry"],"featured_image_src":null,"uagb_featured_image_src":{"full":false,"thumbnail":false,"medium":false,"medium_large":false,"large":false,"1536x1536":false,"2048x2048":false},"uagb_author_info":{"display_name":"Carvalho","author_link":"https:\/\/www.liturgiadominical.criarsite.online\/?author=1"},"uagb_comment_info":0,"uagb_excerpt":"Cor Lit\u00fargica: Branco 5\u00aa Semana da P\u00e1scoa | Segunda-feira 1\u00aa&nbsp; Leitura Primeira Leitura (At 14,5-18) Leitura dos Atos dos Ap\u00f3stolos. Naqueles dias, em Ic\u00f4nio,&nbsp;5&nbsp;Pag\u00e3os e judeus, tendo \u00e0 frente seus chefes, estavam dispostos a ultrajar e apedrejar Paulo e Barnab\u00e9.&nbsp;6&nbsp;Ao saberem disso, Paulo e Barnab\u00e9 fugiram e foram para Listra e Derbe, cidades da Lica\u00f4nia,&hellip;","_links":{"self":[{"href":"https:\/\/www.liturgiadominical.criarsite.online\/index.php?rest_route=\/wp\/v2\/pages\/2081","targetHints":{"allow":["GET"]}}],"collection":[{"href":"https:\/\/www.liturgiadominical.criarsite.online\/index.php?rest_route=\/wp\/v2\/pages"}],"about":[{"href":"https:\/\/www.liturgiadominical.criarsite.online\/index.php?rest_route=\/wp\/v2\/types\/page"}],"author":[{"embeddable":true,"href":"https:\/\/www.liturgiadominical.criarsite.online\/index.php?rest_route=\/wp\/v2\/users\/1"}],"replies":[{"embeddable":true,"href":"https:\/\/www.liturgiadominical.criarsite.online\/index.php?rest_route=%2Fwp%2Fv2%2Fcomments&post=2081"}],"version-history":[{"count":7,"href":"https:\/\/www.liturgiadominical.criarsite.online\/index.php?rest_route=\/wp\/v2\/pages\/2081\/revisions"}],"predecessor-version":[{"id":2960,"href":"https:\/\/www.liturgiadominical.criarsite.online\/index.php?rest_route=\/wp\/v2\/pages\/2081\/revisions\/2960"}],"wp:attachment":[{"href":"https:\/\/www.liturgiadominical.criarsite.online\/index.php?rest_route=%2Fwp%2Fv2%2Fmedia&parent=2081"}],"curies":[{"name":"wp","href":"https:\/\/api.w.org\/{rel}","templated":true}]}}